on divisor of 69 and 2507?
23
Calculate the highest common factor of 464 and 261.
29
What is the greatest common divisor of 252 and 1701?
63
Calculate the highest common factor of 21 and 609.
21
What is the highest common divisor of 150 and 14400?
150
What is the highest common divisor of 1390 and 330?
10
Calculate the greatest common factor of 100 and 420.
20
Calculate the highest common divisor of 392 and 245.
49
What is the greatest common divisor of 1100 and 2860?
220
Calculate the greatest common divisor of 85548 and 24.
12
What is the highest common factor of 90 and 18?
18
What is the highest common factor of 539 and 196?
49
Calculate the highest common divisor of 132 and 8.
4
What is the greatest common divisor of 668 and 82?
2
Calculate the highest common factor of 84 and 126.
42
What is the greatest common factor of 360 and 140?
20
What is the greatest common factor of 737 and 4489?
67
Calculate the greatest common divisor of 5960 and 40.
40
Calculate the highest common divisor of 289 and 51.
17
What is the highest common divisor of 260 and 52?
52
Calculate the greatest common divisor of 1978 and 46.
46
Calculate the highest common divisor of 10 and 220.
10
What is the greatest common factor of 119 and 238?
119
What is the greatest common factor of 117 and 2763?
9
What is the greatest common divisor of 515 and 35?
5
Calculate the highest common divisor of 6083 and 316.
79
Calculate the greatest common divisor of 133 and 5453.
133
What is the greatest common factor of 105 and 1407?
21
What is the highest common divisor of 930 and 1140?
30
Calculate the greatest common divisor of 115 and 65.
5
What is the highest common divisor of 186 and 6?
6
What is the greatest common divisor of 126 and 1197?
63
What is the greatest common divisor of 287 and 3977?
41
What is the highest common factor of 735 and 15?
15
What is the highest common divisor of 228 and 60?
12
What is the greatest common factor of 208 and 13?
13
Calculate the highest common divisor of 4750 and 342.
38
What is the highest common factor of 869 and 11?
11
Calculate the greatest common factor of 90 and 20.
10
Calculate the greatest common factor of 29931 and 22.
11
Calculate the greatest common divisor of 3 and 3396.
3
What is the highest common divisor of 252 and 4928?
28
What is the highest common divisor of 391 and 23?
23
Calculate the highest common divisor of 128 and 496.
16
What is the greatest common factor of 182 and 308?
14
What is the highest common factor of 333 and 37?
37
Calculate the highest common divisor of 726 and 66.
66
Calculate the highest common factor of 225 and 72.
9
Calculate the greatest common divisor of 104 and 884.
52
What is the highest common factor of 7729 and 472?
59
Calculate the greatest common factor of 390 and 1794.
78
Calculate the highest common divisor of 135 and 2010.
15
Calculate the highest common divisor of 3896 and 8.
8
What is the highest common factor of 3024 and 112?
112
What is the highest common divisor of 296 and 6068?
148
What is the greatest common divisor of 89 and 2?
1
Calculate the greatest common divisor of 462 and 1606.
22
What is the greatest common factor of 343 and 35?
7
What is the highest common divisor of 1340 and 67?
67
What is the greatest common factor of 48 and 64?
16
Calculate the greatest common divisor of 39 and 403.
13
Calculate the highest common factor of 270 and 4770.
90
What is the highest common divisor of 34 and 51?
17
Calculate the greatest common factor of 3443 and 11.
11
What is the greatest common factor of 98 and 5341?
49
Calculate the greatest common factor of 136 and 136.
136
What is the greatest common factor of 692 and 3287?
173
Calculate the greatest common divisor of 76 and 874.
38
What is the highest common divisor of 1869 and 63?
21
Calculate the greatest common divisor of 1534 and 52.
26
What is the greatest common divisor of 18 and 2?
2
Calculate the greatest common factor of 161 and 42.
7
What is the greatest common factor of 1088 and 408?
136
Calculate the greatest common divisor of 123 and 1312.
41
Calculate the greatest common divisor of 3104 and 128.
32
Calculate the highest common divisor of 98 and 2303.
49
What is the highest common factor of 1127 and 98?
49
What is the greatest common divisor of 21916 and 4?
4
What is the highest common factor of 3850 and 70?
70
Calculate the highest common divisor of 19 and 323.
19
Calculate the greatest common divisor of 1128 and 72.
24
Calculate the greatest common factor of 207 and 30843.
207
What is the greatest common factor of 1474 and 176?
22
Calculate the highest common divisor of 16698 and 22.
22
What is the greatest common divisor of 42 and 651?
21
Calculate the greatest common factor of 1700 and 700.
100
What is the highest common divisor of 268 and 5293?
67
What is the greatest common factor of 3798 and 8018?
422
Calculate the highest common divisor of 111 and 8.
1
What is the greatest common factor of 567 and 648?
81
Calculate the greatest common factor of 385 and 105.
35
Calculate the highest common factor of 629 and 51.
17
What is the greatest common factor of 2 and 421?
1
What is the highest common factor of 80 and 5?
5
Calculate the greatest common divisor of 3940 and 20.
20
Calculate the highest common divisor of 45 and 315.
45
What is the highest common factor of 576 and 45?
9
What is the highest common divisor of 354 and 12?
6
What is the greatest common divisor of 355 and 284?
71
What is the highest common factor of 481 and 39?
13
Calculate the highest common factor of 16684 and 172.
172
Calculate the highest common factor of 13 and 173.
1
What is the greatest common divisor of 1362 and 7037?
227
Calculate the highest common factor of 209 and 190.
19
Calculate the greatest common divisor of 1620 and 3060.
180
Calculate the greatest common divisor of 261 and 243.
9
Calculate the highest common factor of 126 and 27.
9
Calculate the highest common factor of 40 and 2290.
10
What is the highest common factor of 34 and 3383?
17
What is the greatest common divisor of 1070 and 50?
10
Calculate the greatest common divisor of 882 and 9.
9
Calculate the highest common factor of 38 and 6878.
38
What is the greatest common factor of 22 and 5632?
22
Calculate the highest common divisor of 40 and 260.
20
What is the greatest common divisor of 55 and 121?
11
What is the greatest common factor of 90 and 70?
10
Calculate the greatest common divisor of 11 and 11.
11
What is the greatest common divisor of 2343 and 88?
11
What is the highest common factor of 38 and 513?
19
What is the highest common factor of 17525 and 25?
25
What is the highest common factor of 74 and 1998?
74
What is the highest common factor of 56 and 4746?
14
What is the greatest common divisor of 203 and 580?
29
What is the highest common factor of 58 and 58?
58
What is the greatest common divisor of 728 and 210?
14
What is the greatest common divisor of 32 and 3824?
16
What is the highest common divisor of 207 and 9?
9
What is the highest common divisor of 33 and 132?
33
What is the highest common factor of 731 and 215?
43
Calculate the greatest common factor of 16646 and 28.
14
What is the highest common factor of 27111 and 21?
21
What is the highest common factor of 6 and 597?
3
What is the highest common divisor of 682 and 62?
62
Calculate the highest common divisor of 2336 and 160.
32
Calculate the greatest common factor of 23 and 7291.
23
What is the highest common divisor of 5536 and 144?
16
Calculate the highest common factor of 483 and 21.
21
What is the highest common factor of 3887 and 1014?
169
What is the greatest common factor of 6 and 1198?
2
What is the highest common factor of 74 and 79106?
74
What is the highest common factor of 27972 and 36?
36
Calculate the highest common factor of 108 and 252.
36
Calculate the highest common divisor of 4345 and 79.
79
What is the highest common factor of 1833 and 564?
141
What is the highest common factor of 1183 and 91?
91
Calculate the highest common divisor of 5875 and 235.
235
Calculate the highest common factor of 55 and 1375.
55
What is the highest common factor of 6426 and 270?
54
What is the greatest common divisor of 224 and 2520?
56
What is the greatest common factor of 2400 and 105?
15
Calculate the high